a factor of 64634454?
True
Is 25 a factor of 48166725?
True
Is 2563 a factor of 352116460?
False
Is 268 a factor of 63655842?
False
Is 62259351 a multiple of 973?
True
Is 3 a factor of 6728671?
False
Is 758 a factor of 131625961?
False
Is 5 a factor of 103677840?
True
Is 12 a factor of 337094892?
True
Is 829045494 a multiple of 653?
False
Is 3454177506 a multiple of 2729?
False
Does 580 divide 877159520?
True
Is 91783296 a multiple of 144?
True
Does 16 divide 216284?
False
Does 756 divide 109787876?
False
Is 31 a factor of 2664016?
True
Is 12 a factor of 305641243?
False
Does 14 divide 1207498415?
False
Does 5 divide 1771223?
False
Is 113 a factor of 13040975?
False
Does 307 divide 193502100?
True
Is 37 a factor of 4749912?
True
Is 1457248419 a multiple of 1397?
True
Does 34 divide 35437894?
True
Does 39 divide 5416565?
False
Is 659895390 a multiple of 66?
True
Is 13 a factor of 76658679?
False
Is 299 a factor of 1011828259?
True
Is 9713604 a multiple of 6?
True
Is 162 a factor of 174574416?
False
Is 1153 a factor of 5242268887?
False
Does 6 divide 1890526?
False
Is 13942040 a multiple of 116?
True
Is 185612440 a multiple of 260?
True
Is 869802917 a multiple of 16?
False
Is 700 a factor of 336460208?
False
Is 195 a factor of 516705090?
False
Is 610 a factor of 17367310?
True
Does 200 divide 25959449?
False
Does 312 divide 1400224800?
True
Does 442 divide 1344041291?
False
Does 2019 divide 209559661?
False
Is 189 a factor of 305366645?
False
Does 41 divide 26840449?
False
Does 78 divide 114018996?
True
Is 358 a factor of 19043246?
False
Is 18 a factor of 719152326?
True
Is 156 a factor of 1062757956?
True
Is 396 a factor of 90004068?
True
Is 64963704 a multiple of 1620?
False
Is 54708757 a multiple of 1964?
False
Is 13 a factor of 2752308?
True
Does 202 divide 123288772?
False
Does 30 divide 104298654?
False
Is 43 a factor of 5663981?
False
Is 2201282340 a multiple of 66?
False
Is 33 a factor of 262401282?
True
Is 7 a factor of 1569610423?
False
Does 447 divide 412824615?
True
Is 252 a factor of 1562770484?
False
Does 356 divide 63736228?
False
Is 204 a factor of 60698364?
True
Is 990217260 a multiple of 757?
False
Does 318 divide 1455555?
False
Is 2292 a factor of 87957797?
False
Is 204931260 a multiple of 193?
True
Does 2143 divide 355836578?
True
Is 28 a factor of 180981573?
False
Is 5756217 a multiple of 17?
True
Does 303 divide 18419067?
True
Does 5394 divide 2879128410?
True
Does 191 divide 9493967?
False
Is 80315480 a multiple of 68?
True
Is 128829690 a multiple of 2090?
True
Is 8 a factor of 8340759?
False
Is 79693590 a multiple of 30?
True
Is 79 a factor of 957782?
False
Does 32 divide 132641636?
False
Does 162 divide 392564394?
True
Is 165 a factor of 27752182?
False
Is 84373524 a multiple of 394?
True
Is 2201 a factor of 1043461085?
True
Is 63 a factor of 1186416?
True
Does 807 divide 138286713?
True
Is 10086807 a multiple of 300?
False
Is 170301976 a multiple of 676?
True
Is 10 a factor of 478794523?
False
Is 262315676 a multiple of 277?
True
Does 17 divide 15209356?
True
Is 125671175 a multiple of 7?
True
Is 459 a factor of 198166264?
False
Is 220436341 a multiple of 283?
True
Is 10 a factor of 123130?
True
Does 4361 divide 69326817?
True
Is 163050910 a multiple of 34?
True
Is 4771 a factor of 1338445300?
False
Is 79375920 a multiple of 618?
True
Is 106 a factor of 249562796?
True
Does 51 divide 10919400?
False
Does 61 divide 43674612?
False
Is 150783226 a multiple of 5147?
False
Does 12 divide 12087324?
True
Does 89 divide 61591026?
True
Is 48 a factor of 738490800?
True
Does 34 divide 1959956?
False
Is 22 a factor of 438934144?
True
Is 4352852717 a multiple of 18?
False
Does 81 divide 18664668?
True
Is 41 a factor of 36430796?
True
Is 99835976 a multiple of 311?
True
Is 192 a factor of 965033088?
True
Is 145 a factor of 139438380?
True
Does 4 divide 13156676?
True
Is 215796958 a multiple of 26?
True
Is 5290300 a multiple of 50?
True
Does 12 divide 567119880?
True
Is 4449950 a multiple of 1249?
False
Does 11 divide 33655843?
False
Does 91 divide 880009413?
False
Does 904 divide 102130305?
False
Is 486 a factor of 2131614432?
False
Does 21 divide 11481750?
True
Is 2981 a factor of 30820559?
True
Is 56402882 a multiple of 6?
False
Does 42 divide 52449012?
True
Is 1352526090 a multiple of 2930?
True
Does 9978 divide 1139289800?
False
Is 9 a factor of 220968?
True
Is 742576008 a multiple of 2?
True
Is 106472736 a multiple of 852?
True
Is 737143371 a multiple of 213?
True
Does 98 divide 30496914?
True
Is 15 a factor of 14992246?
False
Is 8 a factor of 213180145?
False
Is 3084435 a multiple of 15?
True
Does 589 divide 1159938009?
False
Is 298 a factor of 115104178?
False
Does 504 divide 116706240?
True
Is 276 a factor of 1305737463?
False
Is 125606200 a multiple of 17?
True
Is 438855252 a multiple of 1994?
False
Does 9027 divide 203402890?
False
Is 3561472 a multiple of 2368?
True
Is 23 a factor of 24572717?
True
Is 308155480 a multiple of 1990?
True
Does 242 divide 2343791296?
True
Does 338 divide 20295548?
True
Is 1604995080 a multiple of 13?
True
Does 108 divide 66254220?
True
Is 12619040 a multiple of 2965?
True
Is 55319752 a multiple of 8?
True
Is 34 a factor of 29897220?
True
Is 9 a factor of 816921?
True
Does 2 divide 7002431?
False
Is 662 a factor of 119362572?
True
Is 4 a factor of 1897968780?
True
Is 18 a factor of 6043680?
True
Is 786649335 a multiple of 10695?
True
Is 602043487 a multiple of 563?
True
Is 44 a factor of 192732526?
False
Does 557 divide 1022082748?
False
Is 3464499554 a multiple of 8429?
False
Does 1048 divide 1125045756?
False
Is 19931357 a multiple of 31?
True
Is 22 a factor of 3195911424?
False
Is 439 a factor of 171176197?
True
Is 70372559 even?
False
Is 96 a factor of 21425235?
False
Is 110307849 a multiple of 17?
True
Is 215526386 a multiple of 722?
True
Is 232090558 a multiple of 7?
True
Is 155552776 a multiple of 20?
False
Is 22 a factor of 147974203?
False
Is 14168 a factor of 1133901847?
False
Does 95 divide 3487258575?
True
Does 1574 divide 24431088?
False
Is 569 a factor of 24366546?
False
Does 4725 divide 1487019783?
False
Is 117 a factor of 41441308?
False
Does 63 divide 5217420?
False
Does 861 divide 177390108?
True
Does 4 divide 1763809483?
False
Is 339952860 a multiple of 524?
True
Is 14 a factor of 14094194?
False
Is 668450 a multiple of 25?
True
Is 667185056 a multiple of 2046?
False
Is 843552715 a multiple of 2452?
False
Does 55 divide 305245710?
True
Is 64045164 a multiple of 48?
False
Is 121662666 a multiple of 159?
True
Does 157 divide 68189967?
True
Is 2123864165 a multiple of 2174?
False
Does 7 divide 11986842?
True
Is 8 a factor of 295462978?
False
Does 3 divide 1508865?
True
Is 34309800 a multiple of 200?
True
Is 4020 a factor of 366246120?
True
Is 103122612 a multiple of 306?
True
Is 9 a factor of 674505729?
True
Is 46771871 a multiple of 3?
False
Is 14 a factor of 110403468?
True
Does 12 divide 1537152?
True
Is 4284687 a multiple of 827?
True
Is 7 a factor of 229278273?
True
Is 66 a factor of 111416996?
False
Does 934 divide 181592065?
False
Is 4 a factor of 449676784?
True
Is 124 a factor of 12627154?
False
Is 126 a factor of 247020791?
False
Is 2161774 a multiple of 3?
False
Does 12 divide 645222024?
True
Does 2777 divide 64899539?
False
Is 59 a factor of 10172312?
False
Does 17 divide 746713372?
True
Is 137 a factor of 37220264?
False
Is 1065992635 a multiple of 75?
False
Does 1175 divide 128483900?
True
Does 673 divide 2897811476?
True
Does 276 divide 9762120?
True
Is 426 a factor of 156047526?
False
Does 1666 divide 567589540?
True
Is 34531849 a multiple of 22?
False
Does 12 divide 256256247?
False
Does 415 divide 2992059530?
True
Is 12 a factor of 20499528?
True
Is 2221591896 a multiple of 69?
True
Is 7872412 a multiple of 4?
True
Does 235 divide 59154200?
True
Is 10 a factor of 127068607?
False
Does 12 divide 12678341?
False
Is 490 a factor of 1240964729?
False
Does 1025 divide 199532650?
True
Does 517 divide 1033256864?
False
Is 2 a factor of 1647540?
True
Is 99533043 a multiple of 2163?
False
Is 183 a factor of 140675799?
False
Does 41 divide 226675494?
False
Is 241 a factor of 68498948?
True
Is 1088 a factor of 1359013490?
False
Is 6 a factor of 106127286?
True
Is 27